s of (1062 - -39) + 0 + -5.
2, 137
Suppose 0 = -3*d + 8 + 4. Suppose 0 = 4*k + 3*w - 5*w - 154, -89 = -2*k - 3*w. Suppose d*q - 124 + k = 0. List the prime factors of q.
3, 7
Let m = -68 - -68. Suppose -13*t + 637 = -m*t. List the prime factors of t.
7
Let h = 247 + 254. What are the prime factors of h?
3, 167
Suppose 4*d = 6*m - 2918 - 2052, 2495 = 3*m - 4*d. What are the prime factors of m?
3, 5, 11
Let s(n) = 732*n - 31. List the prime factors of s(1).
701
List the prime factors of 115 - 110 - (1 + -1861).
5, 373
Suppose 2*h = 0, -3*i + 0*i - 4*h + 6 = 0. Suppose d + 65 = -a, -3*d - i*d - 85 = a. List the prime factors of (2 - 1)/((-2)/a).
2, 3, 5
Let c(g) be the second derivative of -g**5/20 + 5*g**4/12 + g**3/6 + 3*g**2/2 + 7*g. List the prime factors of c(5).
2
Suppose -5*z + 38 = -3*w - 4*z, -4*z = -2*w - 32. What are the prime factors of 10/(-15) - 260/w?
3, 7
Let l be 16 - 15 - ((0 - -2) + -14). Suppose -783 = -l*r + 2831. What are the prime factors of r?
2, 139
Suppose 4*i + 499 = 11447. What are the prime factors of i?
7, 17, 23
What are the prime factors of (8/10)/(24/96420 + 0)?
2, 1607
What are the prime factors of (48150/35)/9*7?
2, 5, 107
Let n(j) = -3*j**2 - 9*j - 14. Let u(g) = g - 1. Let y(p) = -n(p) - 6*u(p). List the prime factors of y(-6).
2, 5, 11
Let a(o) = -4 - o**2 + 3*o - 10*o + 5*o + 7*o. Let v be a(3). List the prime factors of ((-28)/5)/(v/(-10)).
2, 7
Suppose 0 = 4*b - 3*b - 2. Suppose r + b*r = 75. List the prime factors of r.
5
Let c = 578 - -1753. List the prime factors of c.
3, 7, 37
Let g be (-170)/(-30) + (-4)/6. Suppose -2*b + 108 = 4*t, 2*b - 4*t = g*b - 156. Suppose 0 = 2*y + y - b. List the prime factors of y.
2
Suppose 3*f + 169 = 3097. What are the prime factors of f?
2, 61
Let v be (-30)/4*(0 + 2/1). List the prime factors of -12*20*(1 - (-25)/v).
2, 5
What are the prime factors of (-48)/(-744) - 110730/(-31)?
2, 19, 47
Let q(t) = t**3 + 2*t**2 - 38. Let c be q(0). Let f = -17 - c. List the prime factors of f.
3, 7
Suppose -12 = -2*o - g, 2*o - 6*g + 2*g = -8. Suppose 0 = -o*y + i + 59, 7*i - 2*i = -y + 20. List the prime factors of y.
3, 5
List the prime factors of (4 - 6)*(-2)/(-4) - -599.
2, 13, 23
Suppose 3*v - 2*z = 86 + 3035, -3*z = -4*v + 4162. What are the prime factors of v?
1039
Suppose r = -4*m + 689, -4*m = -r - 4*r - 683. What are the prime factors of m?
2, 43
Suppose 47 = 5*l - 4*v, 5*l - 5*v - 12 = 38. Suppose l*n = 945 + 623. List the prime factors of n.
2, 7
Let n(q) = q**3 + 5*q**2 - 4*q + 7. Let u(f) = -2*f - 2. Let w be u(2). Let j be n(w). What are the prime factors of ((-4)/j)/(12/390)?
2, 13
Let v(x) = x**2 - 31*x - 662. List the prime factors of v(49).
2, 5, 11
Suppose -490 = -5*v + 5*k, -4*v - k + 398 = -3*k. List the prime factors of v.
101
Let m(j) = -j**2 + 21*j - 61. What are the prime factors of m(13)?
43
Let m = 158 + -224. What are the prime factors of -2*1 - m/3?
2, 5
Suppose -1429 - 1151 = -6*h. What are the prime factors of h?
2, 5, 43
Let x be (-8)/(-32) - (-142)/8. Suppose 0*h - 3*h - 4*s = -5, -s - x = -2*h. What are the prime factors of h?
7
Suppose 12533 = 29*i - 2953. What are the prime factors of i?
2, 3, 89
Suppose k + 1 - 6 = 0. Suppose -k*l + 15 = -0*l. Suppose -x + 93 = l*i + 37, 48 = x - i. What are the prime factors of x?
2, 5
Let q(i) = -11*i. Let m(h) = -351*h. Let y(b) = -2*m(b) + 65*q(b). What are the prime factors of y(-4)?
2, 13
Suppose -3*m = m + 3*v, 0 = -m + v. Let s(g) = -g**3 - g**2 + 61. List the prime factors of s(m).
61
Let z = -2 - 4. What are the prime factors of (-48)/(-32)*(-64)/z?
2
Suppose -669 - 611 = -5*j. Suppose 8*c = -0*c + j. What are the prime factors of c?
2
Let g(z) = -z**3 - 22*z**2 - 5*z - 64. What are the prime factors of g(-23)?
2, 5, 29
Let l(f) = -f**3 - 5*f**2 - 13*f + 8. Let k = -140 + 134. List the prime factors of l(k).
2, 61
Let l = 31 + -29. Suppose -l*w = -4*y + 160, 4*y = -y - 3*w + 189. What are the prime factors of y?
3, 13
Let d be 58*-1*(-7)/14. Suppose 2*a - 5*w - d = a, -4*w - 12 = 2*a. Suppose 4*j + 2*m = 3 + 25, a*m - 6 = 2*j. What are the prime factors of j?
5
Let y be 9/15 + 0 + 3/(-5). Suppose 0 = -4*p - 0*s - s + 391, 3*s - 9 = y. List the prime factors of p.
97
Let k(d) = -4 - d + 6*d**2 + 0*d**3 + 5*d**3 - 4*d**3 + 5. List the prime factors of k(-6).
7
Let k(f) = -5*f + f**2 + f**2 + 5*f - 5*f + 4. List the prime factors of k(6).
2, 23
Suppose -1137 = -4*o + 6507. List the prime factors of o.
3, 7, 13
Let m(n) = n**2 + 6*n - 8. Let a be m(-7). Let i be (-9)/(2 - a)*-1. Suppose -i*w + w = -10. List the prime factors of w.
5
Suppose x - 9496 = -7*x. List the prime factors of x.
1187
Suppose -10*b = -14*b. Suppose l = -b*v - 5*v + 26, 3*l = -4*v + 89. What are the prime factors of l?
31
Let a = -62 - -49. List the prime factors of 0 + a/((-39)/558).
2, 3, 31
What are the prime factors of (-8)/(-3)*(2946/12 - -5)?
2, 167
Suppose -5*m - 2*u - 161 - 163 = 0, 2*m + 130 = -u. Let s = 16 + -47. Let n = s - m. List the prime factors of n.
3, 11
Suppose 0 = -24*t - 8165 + 132245. List the prime factors of t.
2, 5, 11, 47
Let o be (1/3)/(7/7329). Let u be o/3 + 16/24. Suppose -4*p = -p - u. List the prime factors of p.
3, 13
Suppose 3*r = -23*z + 28*z - 3335, -5*r - 2001 = -3*z. What are the prime factors of z?
23, 29
Let g(n) = n**3 - 7*n**2 + n - 3. Let a be g(7). Suppose -220 = -0*j + a*j. What are the prime factors of (-1227)/(-33) + 10/j?
37
What are the prime factors of 1148 + 0/3 + -3?
5, 229
Let c = -40 - -41. Let u(l) = 78*l + 5. What are the prime factors of u(c)?
83
Suppose 15*q - 586 = 1304. List the prime factors of q.
2, 3, 7
Suppose -4*q - 5*p = -7*q + 159, -159 = -3*q + 3*p. Suppose -2*s - 3*b + 38 = -q, 2*b = -2*s + 92. What are the prime factors of s?
47
Let y be 108*(3 - (-6)/(-3) - 2). Let v = y + 217. List the prime factors of v.
109
What are the prime factors of 5161 - (-6 + (-12 - -20))?
7, 11, 67
Suppose 9*v - 1566 - 3663 = 0. What are the prime factors of v?
7, 83
Suppose -6*g = -6485 - 3319. List the prime factors of g.
2, 19, 43
Suppose 0 = b + b + 4. Let p be 2*b/4*5. What are the prime factors of (-14)/(-35) - 183/p?
37
Let s be 0*(5/3)/(-5). Suppose s = x + h - 53 - 47, -2*h + 398 = 4*x. What are the prime factors of x/18 - (-2)/4?
2, 3
What are the prime factors of 30/(-40)*12*-122?
2, 3, 61
Let p(l) = 185*l - 6. List the prime factors of p(3).
3, 61
Let y = 8 - 5. Suppose 3*k - 108 = 2*h, -h - y*h - 216 = 3*k. What are the prime factors of 6/(-15) + h/(-10)?
5
Let k(y) = -y**2 - 7*y - 4. Let s be k(-6). Suppose s*q - 13 = 11. Suppose q*b = 7*b + 300. List the prime factors of b.
2, 3, 5
Suppose 4*g - 11056 = 2*i + 2*i, 11096 = 4*g + 4*i. What are the prime factors of g?
3, 13, 71
Let a(j) = 138*j**2 - 57*j**2 - 12*j**2. What are the prime factors of a(-1)?
3, 23
List the prime factors of (40/(-5))/(2/(-118)).
2, 59
Let w(g) = -4 + 13 - 25 - 28 - 5*g. List the prime factors of w(-10).
2, 3
Let y(b) = 14*b**2 - 5*b - 126. What are the prime factors of y(-8)?
2, 3, 5
Suppose 1607 + 405 = 2*s. What are the prime factors of s?
2, 503
Suppose -5*w - 28 + 6 = -3*j, 0 = -j - 2*w. Suppose j = p + 1. Suppose 2*l = p*s - 40, -2*l + l - 5 = 0. What are the prime factors of s?
2, 5
Let f(y) = -96*y**3 - y**2 - 3*y - 6. What are the prime factors of f(-2)?
2, 191
Suppose 3 = -2*n + 7. Let s(o) = o**2 - 3*o + 2. Let a be s(n). Let i(y) = -y**3 - y + 14. What are the prime factors of i(a)?
2, 7
List the prime factors of (-10)/6*3 - (2 + -384).
13, 29
List the prime factors of 417/(-2)*5/((-25)/20).
2, 3, 139
Suppose 0 = -13*n + 915 - 148. List the prime factors of n.
59
Let k(l) be the third derivative of l**6/120 + l**5/12 - l**4/8 - 2*l**3 + 3*l**2. Suppose 22*s - 20*s + 10 = 0. List the prime factors of k(s).
3
Let b(p) = -4*p**3 + 2*p**2 + 2*p - 4. Let q be b(2). List the prime factors of 9/6*(-1456)/q.
7, 13
Let f(b) = 6*b**3 + 2*b**2 - 7*b - 3. What are the prime factors of f(4)?
5, 7, 11
Let z(y) be the third derivative of y**4/24 - y**3 + 4*y**2. Let n be z(7). Suppose t - 12 = p + n, -4*p = 5*t - 20. What are the prime factors of t?
2
Let i = -1170 + 2730. What are the prime factors of i?
2, 3, 5, 13
Let l be 2 - 3 - (-24)/6. Suppose -3*g = -0*g - d + 170, -l*g - 174 = -3*d. Let 